{"id":4650,"date":"2023-12-01T14:56:44","date_gmt":"2023-12-01T17:56:44","guid":{"rendered":"https:\/\/www.saaesaolourenco.mg.gov.br\/webv1\/?page_id=4650"},"modified":"2024-03-04T07:57:16","modified_gmt":"2024-03-04T10:57:16","slug":"qualidade-da-agua","status":"publish","type":"page","link":"https:\/\/www.saaesaolourenco.mg.gov.br\/webv1\/qualidade-da-agua\/","title":{"rendered":"Qualidade da \u00c1gua"},"content":{"rendered":"\n<p>Confira aqui a qualidade da \u00e1gua de acordo com os par\u00e2metros do Minist\u00e9rio da Sa\u00fade.<br><\/p>\n\n\n<p><div class='w3eden'><!-- WPDM Link Template: Default Template -->\n\n<div class=\"link-template-default card mb-2\">\n    <div class=\"card-body\">\n        <div class=\"media\">\n            <div class=\"mr-3 img-48\"><img decoding=\"async\" class=\"wpdm_icon\" alt=\"\u00edcone\" src=\"https:\/\/www.saaesaolourenco.mg.gov.br\/webv1\/wp-content\/plugins\/download-manager\/assets\/file-type-icons\/pdf.svg\" \/><\/div>\n            <div class=\"media-body\">\n                <h3 class=\"package-title\"><a href='https:\/\/www.saaesaolourenco.mg.gov.br\/webv1\/download\/relatorio-da-qualidade-da-agua-02-2024\/'>Relat\u00f3rio da Qualidade da \u00c1gua \u2013 02\/2024<\/a><\/h3>\n                <div class=\"text-muted text-small\"><i class=\"fas fa-copy\"><\/i> 1  arquivo(s) <i class=\"fas fa-hdd ml-3\"><\/i> 142.98 KB<\/div>\n            <\/div>\n            <div class=\"ml-3\">\n                <a class='wpdm-download-link download-on-click btn btn-primary ' rel='nofollow' href='#' data-downloadurl=\"https:\/\/www.saaesaolourenco.mg.gov.br\/webv1\/download\/relatorio-da-qualidade-da-agua-02-2024\/?wpdmdl=4781&refresh=69e77446099771776776262\">Download<\/a>\n            <\/div>\n        <\/div>\n    <\/div>\n<\/div>\n\n<\/div><br \/>\n<div class='w3eden'><!-- WPDM Link Template: Default Template -->\n\n<div class=\"link-template-default card mb-2\">\n    <div class=\"card-body\">\n        <div class=\"media\">\n            <div class=\"mr-3 img-48\"><img decoding=\"async\" class=\"wpdm_icon\" alt=\"\u00edcone\" src=\"https:\/\/www.saaesaolourenco.mg.gov.br\/webv1\/wp-content\/plugins\/download-manager\/assets\/file-type-icons\/pdf.svg\" \/><\/div>\n            <div class=\"media-body\">\n                <h3 class=\"package-title\"><a href='https:\/\/www.saaesaolourenco.mg.gov.br\/webv1\/download\/relatorio-da-qualidade-da-agua-01-2024\/'>Relat\u00f3rio da Qualidade da \u00c1gua \u2013 01\/2024<\/a><\/h3>\n                <div class=\"text-muted text-small\"><i class=\"fas fa-copy\"><\/i> 1  arquivo(s) <i class=\"fas fa-hdd ml-3\"><\/i> 142.33 KB<\/div>\n            <\/div>\n            <div class=\"ml-3\">\n                <a class='wpdm-download-link download-on-click btn btn-primary ' rel='nofollow' href='#' data-downloadurl=\"https:\/\/www.saaesaolourenco.mg.gov.br\/webv1\/download\/relatorio-da-qualidade-da-agua-01-2024\/?wpdmdl=4752&refresh=69e774460e3b01776776262\">Download<\/a>\n            <\/div>\n        <\/div>\n    <\/div>\n<\/div>\n\n<\/div><br \/>\n<div class='w3eden'><!-- WPDM Link Template: Default Template -->\n\n<div class=\"link-template-default card mb-2\">\n    <div class=\"card-body\">\n        <div class=\"media\">\n            <div class=\"mr-3 img-48\"><img decoding=\"async\" class=\"wpdm_icon\" alt=\"\u00edcone\" src=\"https:\/\/www.saaesaolourenco.mg.gov.br\/webv1\/wp-content\/plugins\/download-manager\/assets\/file-type-icons\/pdf.svg\" \/><\/div>\n            <div class=\"media-body\">\n                <h3 class=\"package-title\"><a href='https:\/\/www.saaesaolourenco.mg.gov.br\/webv1\/download\/relatorio-da-qualidade-da-agua-12-2023\/'>Relat\u00f3rio da Qualidade da \u00c1gua - 12\/2023<\/a><\/h3>\n                <div class=\"text-muted text-small\"><i class=\"fas fa-copy\"><\/i> 1  arquivo(s) <i class=\"fas fa-hdd ml-3\"><\/i> 142.45 KB<\/div>\n            <\/div>\n            <div class=\"ml-3\">\n                <a class='wpdm-download-link download-on-click btn btn-primary ' rel='nofollow' href='#' data-downloadurl=\"https:\/\/www.saaesaolourenco.mg.gov.br\/webv1\/download\/relatorio-da-qualidade-da-agua-12-2023\/?wpdmdl=4700&refresh=69e77446114d81776776262\">Download<\/a>\n            <\/div>\n        <\/div>\n    <\/div>\n<\/div>\n\n<\/div><br \/>\n<div class='w3eden'><!-- WPDM Link Template: Default Template -->\n\n<div class=\"link-template-default card mb-2\">\n    <div class=\"card-body\">\n        <div class=\"media\">\n            <div class=\"mr-3 img-48\"><img decoding=\"async\" class=\"wpdm_icon\" alt=\"\u00edcone\" src=\"https:\/\/www.saaesaolourenco.mg.gov.br\/webv1\/wp-content\/plugins\/download-manager\/assets\/file-type-icons\/pdf.svg\" \/><\/div>\n            <div class=\"media-body\">\n                <h3 class=\"package-title\"><a href='https:\/\/www.saaesaolourenco.mg.gov.br\/webv1\/download\/relatorio-da-qualidade-da-agua-11-2023\/'>Relat\u00f3rio da Qualidade da \u00c1gua - 11\/2023<\/a><\/h3>\n                <div class=\"text-muted text-small\"><i class=\"fas fa-copy\"><\/i> 1  arquivo(s) <i class=\"fas fa-hdd ml-3\"><\/i> 140.99 KB<\/div>\n            <\/div>\n            <div class=\"ml-3\">\n                <a class='wpdm-download-link download-on-click btn btn-primary ' rel='nofollow' href='#' data-downloadurl=\"https:\/\/www.saaesaolourenco.mg.gov.br\/webv1\/download\/relatorio-da-qualidade-da-agua-11-2023\/?wpdmdl=4699&refresh=69e7744614c6b1776776262\">Download<\/a>\n            <\/div>\n        <\/div>\n    <\/div>\n<\/div>\n\n<\/div><br \/>\n<div class='w3eden'><!-- WPDM Link Template: Default Template -->\n\n<div class=\"link-template-default card mb-2\">\n    <div class=\"card-body\">\n        <div class=\"media\">\n            <div class=\"mr-3 img-48\"><img decoding=\"async\" class=\"wpdm_icon\" alt=\"\u00edcone\" src=\"https:\/\/www.saaesaolourenco.mg.gov.br\/webv1\/wp-content\/plugins\/download-manager\/assets\/file-type-icons\/pdf.svg\" \/><\/div>\n            <div class=\"media-body\">\n                <h3 class=\"package-title\"><a href='https:\/\/www.saaesaolourenco.mg.gov.br\/webv1\/download\/relatorio-da-qualidade-da-agua-10-2023\/'>Relat\u00f3rio da Qualidade da \u00c1gua - 10\/2023<\/a><\/h3>\n                <div class=\"text-muted text-small\"><i class=\"fas fa-copy\"><\/i> 1  arquivo(s) <i class=\"fas fa-hdd ml-3\"><\/i> 140.97 KB<\/div>\n            <\/div>\n            <div class=\"ml-3\">\n                <a class='wpdm-download-link download-on-click btn btn-primary ' rel='nofollow' href='#' data-downloadurl=\"https:\/\/www.saaesaolourenco.mg.gov.br\/webv1\/download\/relatorio-da-qualidade-da-agua-10-2023\/?wpdmdl=4698&refresh=69e7744617fdf1776776262\">Download<\/a>\n            <\/div>\n        <\/div>\n    <\/div>\n<\/div>\n\n<\/div><br \/>\n<div class='w3eden'><!-- WPDM Link Template: Default Template -->\n\n<div class=\"link-template-default card mb-2\">\n    <div class=\"card-body\">\n        <div class=\"media\">\n            <div class=\"mr-3 img-48\"><img decoding=\"async\" class=\"wpdm_icon\" alt=\"\u00edcone\" src=\"https:\/\/www.saaesaolourenco.mg.gov.br\/webv1\/wp-content\/plugins\/download-manager\/assets\/file-type-icons\/pdf.svg\" \/><\/div>\n            <div class=\"media-body\">\n                <h3 class=\"package-title\"><a href='https:\/\/www.saaesaolourenco.mg.gov.br\/webv1\/download\/relatorio-da-qualidade-da-agua-09-2023\/'>Relat\u00f3rio da Qualidade da \u00c1gua - 09\/2023<\/a><\/h3>\n                <div class=\"text-muted text-small\"><i class=\"fas fa-copy\"><\/i> 1  arquivo(s) <i class=\"fas fa-hdd ml-3\"><\/i> 141.63 KB<\/div>\n            <\/div>\n            <div class=\"ml-3\">\n                <a class='wpdm-download-link download-on-click btn btn-primary ' rel='nofollow' href='#' data-downloadurl=\"https:\/\/www.saaesaolourenco.mg.gov.br\/webv1\/download\/relatorio-da-qualidade-da-agua-09-2023\/?wpdmdl=4649&refresh=69e774461b7961776776262\">Download<\/a>\n            <\/div>\n        <\/div>\n    <\/div>\n<\/div>\n\n<\/div><\/p>\n","protected":false},"excerpt":{"rendered":"<p>Confira aqui a qualidade da \u00e1gua de acordo com os par\u00e2metros do Minist\u00e9rio da Sa\u00fade.<\/p>\n","protected":false},"author":1,"featured_media":0,"parent":0,"menu_order":0,"comment_status":"open","ping_status":"open","template":"","meta":{"footnotes":""},"class_list":["post-4650","page","type-page","status-publish","hentry"],"_links":{"self":[{"href":"https:\/\/www.saaesaolourenco.mg.gov.br\/webv1\/wp-json\/wp\/v2\/pages\/4650","targetHints":{"allow":["GET"]}}],"collection":[{"href":"https:\/\/www.saaesaolourenco.mg.gov.br\/webv1\/wp-json\/wp\/v2\/pages"}],"about":[{"href":"https:\/\/www.saaesaolourenco.mg.gov.br\/webv1\/wp-json\/wp\/v2\/types\/page"}],"author":[{"embeddable":true,"href":"https:\/\/www.saaesaolourenco.mg.gov.br\/webv1\/wp-json\/wp\/v2\/users\/1"}],"replies":[{"embeddable":true,"href":"https:\/\/www.saaesaolourenco.mg.gov.br\/webv1\/wp-json\/wp\/v2\/comments?post=4650"}],"version-history":[{"count":4,"href":"https:\/\/www.saaesaolourenco.mg.gov.br\/webv1\/wp-json\/wp\/v2\/pages\/4650\/revisions"}],"predecessor-version":[{"id":4782,"href":"https:\/\/www.saaesaolourenco.mg.gov.br\/webv1\/wp-json\/wp\/v2\/pages\/4650\/revisions\/4782"}],"wp:attachment":[{"href":"https:\/\/www.saaesaolourenco.mg.gov.br\/webv1\/wp-json\/wp\/v2\/media?parent=4650"}],"curies":[{"name":"wp","href":"https:\/\/api.w.org\/{rel}","templated":true}]}}